23471 a prime number?
False
Is 5197234021 prime?
False
Is 6069936487 composite?
False
Is 466765213 a prime number?
False
Is 15528538639 a composite number?
False
Is 404760197 prime?
True
Is 1154116319 composite?
False
Is 785157379 composite?
True
Is 126252419 a composite number?
False
Is 872360309 composite?
True
Is 1161980879 composite?
True
Is 274792123 a prime number?
True
Is 99744816701 composite?
False
Is 4304148371 a composite number?
True
Is 21181971401 a composite number?
False
Is 68198767237 a prime number?
True
Is 40462248983 a composite number?
True
Is 2169276254 a prime number?
False
Is 198363587 a composite number?
False
Is 27938449687 a composite number?
False
Is 5403254573 composite?
False
Is 476838737 composite?
True
Is 111888697109 a composite number?
True
Is 268090167833 prime?
True
Is 497470579 a prime number?
True
Is 975156353 composite?
False
Is 166670297 a prime number?
True
Is 4395281873 prime?
True
Is 1807907359 a prime number?
False
Is 9501637133 prime?
True
Is 370994903 a composite number?
False
Is 31665740273 a composite number?
True
Is 12332809387 a composite number?
False
Is 13861199423 prime?
True
Is 24341474303 a prime number?
False
Is 777050069 a composite number?
True
Is 16485075869 composite?
True
Is 5786352421 a composite number?
False
Is 10242818749 prime?
False
Is 390634501 prime?
True
Is 12870663713 a composite number?
False
Is 3750471457 a prime number?
True
Is 10295972101 a composite number?
False
Is 37582230673 a composite number?
True
Is 33255885577 prime?
True
Is 4022704837 a prime number?
True
Is 44736518639 a prime number?
True
Is 16574200739 a prime number?
True
Is 2615681149 prime?
False
Is 372412325639 prime?
False
Is 32880903581 prime?
False
Is 5253752093 composite?
True
Is 36986920771 a prime number?
True
Is 88506962879 prime?
True
Is 28322443477 a composite number?
False
Is 39780199 a composite number?
True
Is 45443590691 prime?
True
Is 1399217221 a composite number?
True
Is 8531415121 a prime number?
False
Is 209835071 a prime number?
True
Is 4731419071 a composite number?
False
Is 118217237 composite?
False
Is 8169691249 a composite number?
False
Is 2487838679 a prime number?
True
Is 284151672391 prime?
True
Is 172462097 composite?
False
Is 3235618051 composite?
True
Is 22959046933 prime?
True
Is 304498495087 a prime number?
True
Is 65161985681 a composite number?
True
Is 41305616351 prime?
True
Is 8002083359 composite?
False
Is 3970963207 a composite number?
True
Is 53764903 a prime number?
True
Is 593896679 prime?
True
Is 52307131 prime?
False
Is 16280423333 composite?
False
Is 177871271 a composite number?
True
Is 20989537783 a composite number?
False
Is 713649463 composite?
False
Is 390480421 a composite number?
False
Is 585615431 a prime number?
True
Is 28863370409 prime?
False
Is 10389123223 a composite number?
True
Is 42753623249 composite?
True
Is 35236442947 a prime number?
True
Is 18767732219 prime?
False
Is 50006107 prime?
False
Is 76249311317 a composite number?
True
Is 49146623549 prime?
False
Is 2346222137 a composite number?
True
Is 41105430503 prime?
False
Is 64607443 composite?
True
Is 9129422209 prime?
False
Is 3154637897 a prime number?
False
Is 3577424473 a prime number?
False
Is 94740987779 prime?
True
Is 669414187 prime?
False
Is 1970469209 composite?
False
Is 107908489133 composite?
False
Is 341091271 composite?
True
Is 151168371 a prime number?
False
Is 3272459147 prime?
True
Is 2561499071 a composite number?
False
Is 904270189 a prime number?
False
Is 184861410871 a composite number?
False
Is 179495791 composite?
True
Is 7466982011 composite?
True
Is 1954982203 a composite number?
True
Is 41400037597 composite?
False
Is 7527087879 prime?
False
Is 150375859 a composite number?
True
Is 341722741 composite?
True
Is 963235991 a prime number?
False
Is 18702646189 a composite number?
False
Is 2196740839 a composite number?
True
Is 3014854087 prime?
False
Is 2420510171 a prime number?
True
Is 151653611981 a composite number?
False
Is 853414274 prime?
False
Is 184076993 a prime number?
True
Is 16371815597 a prime number?
True
Is 13303483511 prime?
True
Is 13294624037 a prime number?
True
Is 15296279 a prime number?
False
Is 10206430009 a prime number?
False
Is 105459344531 a composite number?
False
Is 52555323239 a composite number?
False
Is 29345247241 prime?
True
Is 1449400891 composite?
True
Is 2863414903 prime?
False
Is 3194453879 composite?
False
Is 41553479607 a prime number?
False
Is 1205767051 composite?
True
Is 13879021973 prime?
True
Is 7104912811 prime?
True
Is 212137279 composite?
True
Is 52110841889 a prime number?
False
Is 1126746307 a composite number?
True
Is 107952883 prime?
True
Is 6746897485 prime?
False
Is 518439329 composite?
True
Is 11181335309 a composite number?
True
Is 164742659 a composite number?
False
Is 204318318773 prime?
True
Is 1000803607 composite?
True
Is 2858403337 a prime number?
True
Is 3609851365 composite?
True
Is 1355051639 composite?
False
Is 127400046047 a prime number?
True
Is 54607571279 composite?
False
Is 2517660499 prime?
True
Is 1134929191 prime?
False
Is 12996386911 a composite number?
False
Is 3939015013 a composite number?
False
Is 531604651 a prime number?
True
Is 1785613867 a prime number?
True
Is 10540431229 a composite number?
True
Is 1031447741 prime?
True
Is 55624565683 a prime number?
True
Is 26134525201 a prime number?
False
Is 14244869377 composite?
True
Is 1050119443 a composite number?
False
Is 57505117517 a composite number?
False
Is 2940871147 prime?
True
Is 1405942709 a prime number?
True
Is 43996014473 a composite number?
False
Is 879660059 a prime number?
True
Is 23260760819 a prime number?
False
Is 38381849119 a composite number?
False
Is 1373540579 a prime number?
True
Is 2720770181 prime?
True
Is 21750361445 a prime number?
False
Is 865899259 a prime number?
False
Is 128420294993 composite?
True
Is 170543831599 composite?
False
Is 11436239 a composite number?
False
Is 151696977889 composite?
True
Is 196395833189 a prime number?
True
Is 95107825693 prime?
True
Is 2809997293 composite?
False
Is 275688923 a prime number?
True
Is 5510406193 composite?
True
Is 272976335 a prime number?
False
Is 230094519463 composite?
False
Is 4579409537 a composite number?
False
Is 93579750059 composite?
False
Is 15611375683 composite?
False
Is 3955055959 prime?
False
Is 10321378157 composite?
False
Is 565415429 a prime number?
True
Is 228400877 composite?
False
Is 12699061499 a prime number?
True
Is 4789136497 a composite number?
True
Is 5280519301 a prime number?
False
Is 2436827669 prime?
False
Is 614842259 a composite number?
False
Is 69240461 a prime number?
False
Is 301043880089 composite?
False
Is 582848018 a prime number?
False
Is 535255933 composite?
False
Is 14340401849 a composite number?
False
Is 11905058491 a prime number?
False
Is 118362059933 a composite number?
True
Is 18484950733 a composite number?
False
Is 1168364653 composite?
True
Is 19353689723 prime?
False
Is 98607576185 composite?
True
Is 21939876043 prime?
True
Is 11230653383 a composite number?
True
Is 413361869 composite?
False
Is 2818114477 composite?
True
Is 15907544047 a composite number?
False
Is 249187327759 composite?
True
Is 11954456191 a prime number?
True
Is 8580184451 composite?
True
Is 144290453 composite?
False
Is 4168631867 a composite number?
True
Is 635373329 a composite number?
True
Is 30855132299 a composite number?
False
Is 529045213 a composite number?
False
Is 2186448293 composite?
False
Is 450566503 prime?
True
Is 16981032473 a prime number?
True
Is 19325411069 a prime number?
False
Is 2768534861 a composite number?
False
Is 30324981229 a composite number?
False
Is 94827293279 composite?
True
Is 1888626617 composite?
False
Is 801385901 a prime number?
False
Is 146988954913 a composite number?
False
Is 3084925807 prime?
False
Is 716507369 a prime number?
True
Is 78917883557 composite?
False
Is 537347269 a composite number?
False
Is 1921133629 a composite number?
False
Is 68232647099 a composite number?
False
Is 4448624113 a composite number?
False
Is 243818411 a composite number?
True
Is 4801824497 a composite number?
False
Is 90788025949 a composite number?
False
Is 3931610429 a prime number?
True
Is 3020606471 composite?
Tr